actor of b and 275?
11
Let k = 126 + -147. Let j = k - -26. Let m(b) = -b**3 - 9*b**2 - 10*b + 19. Let q be m(-8). Calculate the highest common divisor of j and q.
5
Suppose -4*b + 4*l - 20 = -44, 3*b = l + 20. Suppose -4*y + b*y = 4*w - 138, 3*w - 110 = -y. What is the greatest common divisor of w and 90?
18
Let o = -441 + 444. Let h be 0 + 2 + 0 + 4. Let l = h - -9. Calculate the highest common factor of l and o.
3
Let d = 40 - 29. Let s be (-40 - 4)*3*10/(-120). Calculate the greatest common divisor of d and s.
11
Let f(c) = c - 22. Let i be f(12). Let q(r) = -3*r**2 - 19*r + 22. Let u be q(i). Let g = u - -92. Calculate the greatest common factor of 4 and g.
4
Let t be ((-4)/(-3) - 1)/(8/(-96)). Let v be (3/(-3) + t)*2380/(-50). What is the highest common factor of 14 and v?
14
Suppose -185 - 1773 = -7*k + 3096. Calculate the greatest common factor of k and 152.
38
Let f(j) = -j**2 + 12. Let g be f(-5). Let m be g - (-1)/(-1)*(-1 + 0). Let y be ((-38)/m + -3)/(3/18). Calculate the highest common factor of y and 13.
1
Suppose -10838 - 3232 = -3*m. What is the greatest common factor of 28 and m?
14
Let k = -1670 - -19779. What is the highest common divisor of k and 26?
13
Let k = -401 - -431. Let a be k/5*187/51. Calculate the greatest common divisor of 715 and a.
11
Let d(p) = -p**3 - 15*p**2 - 47*p - 56. Let s be d(-13). Let f = 28 + -21. Calculate the greatest common divisor of f and s.
7
Let r be ((-3)/(-9))/((-1)/(-111)). Suppose h + 1538 = 1797. Calculate the highest common factor of h and r.
37
Let u be 2*117/(-2) + -4. Let d = -117 - u. Suppose -y = d*j, -2*y - 3*j - 1 = -26. Calculate the greatest common factor of y and 10.
10
Suppose 206*y - 208*y = 4*n - 50, -4*n - 32 = 0. Calculate the highest common divisor of y and 7.
1
Let r be (-2 + (4 - -3))*(3 + -2). Suppose -r = -13*y + 21. What is the greatest common factor of y and 74?
2
Let r = 14552 - -13339. Calculate the greatest common factor of 27 and r.
27
Let s = -116 + 166. Suppose 2*g + i = 5, -3*g + 4*i + 3 = i. Let f be g/14 - (-276)/28. What is the highest common factor of f and s?
10
Suppose -4*f = 5*i - 29, 4*f + 0*f - 4*i - 20 = 0. Let x = 16947 + -16185. What is the greatest common divisor of f and x?
6
Suppose 452 = 2*p + 4*a, 65 + 383 = 2*p + 2*a. Calculate the highest common factor of 296 and p.
74
Suppose 12 = -3*m, 0*c + 2*m - 4142 = -5*c. Let y be (-8)/72 - c/(-18). What is the highest common factor of 299 and y?
23
Let k = 3375 - 3330. Calculate the highest common factor of k and 1695.
15
Let a(p) = 1665 - 3169 + 1511 + 3*p**2 + 7*p. Let c = 6 - 10. Let i be a(c). Calculate the highest common factor of 27 and i.
27
Let a = -695 - -390. Let g = -287 - a. Calculate the greatest common factor of g and 102.
6
Let d = 30254 - 28004. What is the greatest common divisor of 525 and d?
75
Suppose -2*a - 302 = -9*i, 0 = -104*i + 100*i + 4*a + 156. Suppose 20 = 3*t - 76. Calculate the highest common divisor of i and t.
32
Let t(y) = -11 + 23*y + 19*y - 45*y. Let k be t(-5). Suppose k*n + 5*z = 83, n - z - 26 = -4*z. Calculate the greatest common divisor of n and 85.
17
Let j = -231 - -349. Suppose 604 = 27*v + j. Suppose 5*i + 15 = 0, 2*i + 55 = 3*t - 59. Calculate the highest common factor of t and v.
18
Let j be 1116/111 - (-284)/(-5254). Calculate the highest common factor of 10690 and j.
10
Let x be (-516)/(-30) - 4/(-5). Suppose -90 = -3*m - x. Let h be (-4)/8*(0 - m). What is the highest common divisor of 2 and h?
2
Let n = -2 + 0. Let w be (n - 2)/(-1) - (-161 + -5). Let m be (-411)/(-12) - (-1)/(-4). Calculate the greatest common divisor of m and w.
34
Let b be 6/14 - (3270/(-70) + 42/(-49)). Let h = 557 + -293. Calculate the greatest common divisor of b and h.
24
Let o(u) = 16*u - 6 - 15*u - 15*u - 15*u. Let w be o(-1). Calculate the greatest common divisor of 46 and w.
23
Let v(p) = p**3 - 4*p**2 - 4*p - 46. Let k be v(7). Suppose -q - 273 = -4*z, 5*q = 23*z - 22*z - k. Calculate the highest common divisor of z and 51.
17
Let w(u) = -39*u**2 + 22*u - 56. Let k be w(4). Let n = -520 - k. What is the greatest common factor of 9 and n?
9
Let f(c) = 13 - c**3 - 2 + 0 - 15*c**2 + 14*c**2 + c. Let t be f(-3). Calculate the highest common factor of 91 and t.
13
Let f(m) = -14*m + 1. Let z be f(8). Let j = -79 - z. Let v be 46 + -2 - 3 - -7. Calculate the greatest common divisor of j and v.
16
Suppose 304*x = 301*x - 33858. Let i be ((-1)/(-3))/((-57)/x). Calculate the highest common divisor of 924 and i.
66
Let g be (-11)/2*(-49 + -5). Let w be 15*4 - 288/64*8/6. Calculate the greatest common factor of g and w.
27
Let r = -263 - -267. Let n be (r - (-1383)/12) + (-18)/(-24). What is the greatest common divisor of 15 and n?
15
Let i = -49 + 48. Let o be 237/3 - (i - 1). Suppose 0 = -2*r + 5*r - o. What is the highest common divisor of r and 3?
3
Let y be (-1)/(-1)*9 + -309. Let f = -219 - y. What is the highest common divisor of f and 54?
27
Suppose 9*j = 580 - 40. Let r be (231/22)/((j/(-16))/(-5)). What is the greatest common factor of r and 161?
7
Suppose 20 + 40 = -12*i. Let r(b) = -b**3 - b**2 + 12*b - 11. Let c be r(i). Calculate the highest common factor of 145 and c.
29
Let j(i) = -18*i**3 + 7*i**2 - 18*i - 83. Let h be j(-6). Calculate the highest common divisor of h and 560.
35
Let s = -81 + 81. Suppose -3*z - 141 = -5*l + 172, z + l + 99 = s. Let q = z + 106. What is the highest common divisor of 95 and q?
5
Let l(p) = 5*p**2 + 14*p + 97. Let x be l(-7). What is the highest common factor of 122 and x?
122
Let j be -3 + -4 + 10 + -3 + 2. Let a be (19 - 23)/(j*1). Let b be (a - -2) + (209 - 1). What is the greatest common divisor of b and 52?
52
Suppose 5*i - 5 = 15. Let o be (-4292092)/(-112903) + (-4)/254. What is the greatest common divisor of o and i?
2
Let w = 1903 - 1767. Calculate the greatest common factor of w and 208.
8
Let x be 25*281 - (-283 - -294). Calculate the greatest common factor of 84 and x.
42
Let s(w) = -w**3 - 3*w**2 + 20*w + 34. Let g be s(-6). What is the highest common factor of g and 3223?
11
Let v(n) = -n**2 - 69*n - 1135. Let f be v(-28). Calculate the greatest common divisor of 13 and f.
13
Let u = 27 + -23. Suppose -u = -7*q + 192. What is the highest common factor of q and 7?
7
Suppose 15*m + 28 = 22*m. Suppose m = 2*h + 2*x, -2*h - 4*x + 5 = -h. What is the highest common factor of 10 and h?
1
Suppose -4*a - 79*l + 75*l = -1996, 5*a - 5*l = 2445. What is the greatest common factor of a and 65?
13
Let w(z) = 2*z**2 - 7*z + 5. Let g be w(2). Let c be -1*g/3 + (-2354)/(-66). Let v = 87 - c. What is the highest common divisor of 17 and v?
17
Let l = 67 - 100. Let o = l + 35. Suppose o*m - 28 = -8. Calculate the highest common factor of 4 and m.
2
Let j(r) be the second derivative of -r**3/6 + 18*r**2 + 3*r. Let q be j(3). Calculate the greatest common factor of 121 and q.
11
Suppose -5*k = 5*n - 375 - 115, -3*n = -k + 86. Suppose -3*a - 4*b + 3685 = 0, b + 2607 + 2338 = 4*a. What is the greatest common divisor of a and k?
95
Let c(i) = 2*i**3 + 11*i**2 + 3*i - 6. Let k be c(-3). Let d(m) = -16*m - 1. Let w = 3 + -4. Let r be d(w). Calculate the greatest common divisor of k and r.
15
Suppose -4*x + 52 = -4*k, 5*k - 3*k - 52 = -4*x. Suppose 21*p - x*p = 560. Suppose 8*d - 3*d = p. Calculate the greatest common divisor of 21 and d.
7
Let t(j) = 22 - 1108*j + 2220*j - 1109*j. Let x be t(-3). Let z be (18 - 4) + (-1 - 0). Calculate the highest common factor of x and z.
13
Let n = -8516 + 9254. Calculate the highest common divisor of n and 828.
18
Let k(n) = n + 936. Let q be k(-12). What is the highest common divisor of 528 and q?
132
Suppose 16 = -u - 3*u, 5*x + 4*u = -481. Let d = 99 + x. Suppose 0 = -2*t + 22 - d. Calculate the greatest common divisor of t and 64.
8
Let p(y) = y**3 - 12*y**2 - 12*y + 5. Let s be p(13). Let a(d) = 10*d + 44. Let z be a(7). Calculate the highest common factor of s and z.
6
Let k = -15 + 20. Suppose -2*x + 0*x - k*z = -124, -x + 32 = -5*z. Let f = 92 - x. Calculate the highest common divisor of 100 and f.
20
Let j(b) = 3*b**2 + 1036*b - 4*b**2 + 9 - 1038*b. Let i be j(-5). Let x(y) = 2*y**2 + 5*y - 7. Let p be x(i). Calculate the highest common divisor of p and 5.
5
Let t(f) = 2*f + 84. Let n be t(-42)